CRAN Package Check Results for Package cv

Last updated on 2024-06-13 04:52:21 CEST.

Flavor Version Tinstall Tcheck Ttotal Status Flags
r-devel-linux-x86_64-debian-clang 2.0.0 12.26 443.47 455.73 OK
r-devel-linux-x86_64-debian-gcc 2.0.0 0.51 2.11 2.62 ERROR
r-devel-linux-x86_64-fedora-clang 2.0.0 561.90 OK
r-devel-linux-x86_64-fedora-gcc 2.0.0 563.46 OK
r-devel-windows-x86_64 2.0.0 10.00 368.00 378.00 OK
r-patched-linux-x86_64 2.0.0 13.39 433.55 446.94 OK
r-release-linux-x86_64 2.0.0 11.80 429.87 441.67 OK
r-release-macos-arm64 2.0.0 153.00 OK
r-release-macos-x86_64 2.0.0 253.00 OK
r-release-windows-x86_64 2.0.0 12.00 364.00 376.00 OK
r-oldrel-macos-arm64 2.0.0 184.00 OK
r-oldrel-macos-x86_64 2.0.0 277.00 OK
r-oldrel-windows-x86_64 2.0.0 15.00 455.00 470.00 OK

Check Details

Version: 2.0.0
Check: package dependencies
Result: ERROR Packages required but not available: 'car', 'glmmTMB', 'lme4' Packages suggested but not available for checking: 'dplyr', 'effects', 'testthat' See section ‘The DESCRIPTION file’ in the ‘Writing R Extensions’ manual. Flavor: r-devel-linux-x86_64-debian-gcc