CRAN Package Check Results for Package ctsfeatures

Last updated on 2024-07-20 16:49:00 CEST.

Flavor Version Tinstall Tcheck Ttotal Status Flags
r-devel-linux-x86_64-debian-clang 1.2.2 6.27 62.82 69.09 OK
r-devel-linux-x86_64-debian-gcc 1.2.2 5.21 42.91 48.12 OK
r-devel-linux-x86_64-fedora-clang 1.2.2 84.07 NOTE
r-devel-linux-x86_64-fedora-gcc 1.2.2 79.35 NOTE
r-devel-windows-x86_64 1.2.2 9.00 67.00 76.00 OK
r-patched-linux-x86_64 1.2.2 5.20 59.32 64.52 OK
r-release-linux-x86_64 1.2.2 5.01 58.73 63.74 OK
r-release-macos-arm64 1.2.2 28.00 OK
r-release-macos-x86_64 1.2.2 37.00 OK
r-release-windows-x86_64 1.2.2 6.00 67.00 73.00 OK
r-oldrel-macos-arm64 1.2.2 30.00 OK
r-oldrel-macos-x86_64 1.2.2 48.00 OK
r-oldrel-windows-x86_64 1.2.2 8.00 76.00 84.00 OK

Check Details

Version: 1.2.2
Check: dependencies in R code
Result: NOTE Namespace in Imports field not imported from: ‘Rdpack’ All declared Imports should be used. Flavors: r-devel-linux-x86_64-fedora-clang, r-devel-linux-x86_64-fedora-gcc