CRAN Package Check Results for Package crosstable

Last updated on 2024-07-21 04:53:18 CEST.

Flavor Version Tinstall Tcheck Ttotal Status Flags
r-devel-linux-x86_64-debian-clang 0.7.0 13.52 317.56 331.08 OK
r-devel-linux-x86_64-debian-gcc 0.7.0 12.13 229.28 241.41 OK
r-devel-linux-x86_64-fedora-clang 0.7.0 407.25 OK
r-devel-linux-x86_64-fedora-gcc 0.7.0 398.00 OK
r-devel-windows-x86_64 0.7.0 16.00 210.00 226.00 NOTE
r-patched-linux-x86_64 0.7.0 24.14 298.28 322.42 OK
r-release-linux-x86_64 0.7.0 9.84 310.62 320.46 OK
r-release-macos-arm64 0.7.0 101.00 OK
r-release-macos-x86_64 0.7.0 151.00 OK
r-release-windows-x86_64 0.7.0 15.00 211.00 226.00 OK
r-oldrel-macos-arm64 0.7.0 121.00 OK
r-oldrel-macos-x86_64 0.7.0 266.00 OK
r-oldrel-windows-x86_64 0.7.0 18.00 265.00 283.00 OK

Check Details

Version: 0.7.0
Check: Rd cross-references
Result: NOTE Found the following Rd file(s) with Rd \link{} targets missing package anchors: body_add_table_list.Rd: body_add_flextable body_add_table_section.Rd: body_add_flextable ct_compact.Rd: flextable Please provide package anchors for all Rd \link{} targets not in the package itself and the base packages. Flavor: r-devel-windows-x86_64