Last updated on 2025-01-21 04:48:22 CET.
Flavor | Version | Tinstall | Tcheck | Ttotal | Status | Flags |
---|---|---|---|---|---|---|
r-devel-linux-x86_64-debian-clang | 0.4.1 | 12.23 | 44.75 | 56.98 | OK | |
r-devel-linux-x86_64-debian-gcc | 0.4.1 | 8.94 | 32.20 | 41.14 | OK | |
r-devel-linux-x86_64-fedora-clang | 0.4.1 | 92.89 | NOTE | |||
r-devel-linux-x86_64-fedora-gcc | 0.4.1 | 108.41 | NOTE | |||
r-devel-windows-x86_64 | 0.4.1 | 15.00 | 65.00 | 80.00 | OK | |
r-patched-linux-x86_64 | 0.4.1 | 12.90 | 43.27 | 56.17 | OK | |
r-release-linux-x86_64 | 0.4.1 | 12.66 | 43.32 | 55.98 | OK | |
r-release-macos-arm64 | 0.4.1 | 38.00 | OK | |||
r-release-macos-x86_64 | 0.4.1 | 60.00 | OK | |||
r-release-windows-x86_64 | 0.4.1 | 17.00 | 64.00 | 81.00 | OK | |
r-oldrel-macos-arm64 | 0.4.1 | 44.00 | OK | |||
r-oldrel-macos-x86_64 | 0.4.1 | 66.00 | OK | |||
r-oldrel-windows-x86_64 | 0.4.1 | 17.00 | 67.00 | 84.00 | OK |
Version: 0.4.1
Check: dependencies in R code
Result: NOTE
Namespace in Imports field not imported from: ‘devtools’
All declared Imports should be used.
Flavors: r-devel-linux-x86_64-fedora-clang, r-devel-linux-x86_64-fedora-gcc