CRAN Package Check Results for Package colorspace

Last updated on 2024-06-22 17:57:29 CEST.

Flavor Version Tinstall Tcheck Ttotal Status Flags
r-devel-linux-x86_64-debian-clang 2.1-0 14.90 118.01 132.91 OK
r-devel-linux-x86_64-debian-gcc 2.1-0 7.78 90.65 98.43 OK
r-devel-linux-x86_64-fedora-clang 2.1-0 165.52 OK
r-devel-linux-x86_64-fedora-gcc 2.1-0 181.34 OK
r-devel-windows-x86_64 2.1-0 18.00 129.00 147.00 OK
r-patched-linux-x86_64 2.1-0 14.25 116.02 130.27 OK
r-release-linux-x86_64 2.1-0 11.72 116.86 128.58 OK
r-release-macos-arm64 2.1-0 49.00 ERROR
r-release-macos-x86_64 2.1-0 92.00 OK
r-release-windows-x86_64 2.1-0 18.00 130.00 148.00 OK
r-oldrel-macos-arm64 2.1-0 62.00 OK
r-oldrel-macos-x86_64 2.1-0 92.00 OK
r-oldrel-windows-x86_64 2.1-0 17.00 156.00 173.00 OK

Check Details

Version: 2.1-0
Check: examples
Result: ERROR Running examples in ‘colorspace-Ex.R’ failed The error most likely occurred in: > ### Name: scale_colour_binned_diverging > ### Title: HCL-Based Binned Diverging Color Scales for ggplot2 > ### Aliases: scale_colour_binned_diverging scale_color_binned_diverging > ### scale_fill_binned_diverging > > ### ** Examples > > # adapted from stackoverflow: https://stackoverflow.com/a/20127706/4975218 > > library("ggplot2") > > # generate dataset and base plot > set.seed(100) > df <- data.frame(country = LETTERS, V = runif(26, -40, 40)) > df$country = factor(LETTERS, LETTERS[order(df$V)]) # reorder factors > gg <- ggplot(df, aes(x = country, y = V, fill = V)) + + geom_bar(stat = "identity") + + labs(y = "Under/over valuation in %", x = "Country") + + coord_flip() + theme_minimal() > > # plot with default diverging scale > gg + scale_fill_binned_diverging(n.breaks = 6) Error in loadNamespace(x) : there is no package called ‘farver’ Calls: scale_fill_binned_diverging ... loadNamespace -> withRestarts -> withOneRestart -> doWithOneRestart Execution halted Flavor: r-release-macos-arm64