CRAN Package Check Results for Package codingMatrices

Last updated on 2024-06-19 17:54:25 CEST.

Flavor Version Tinstall Tcheck Ttotal Status Flags
r-devel-linux-x86_64-debian-clang 0.4.0 6.76 90.36 97.12 OK
r-devel-linux-x86_64-debian-gcc 0.4.0 6.03 67.73 73.76 OK
r-devel-linux-x86_64-fedora-clang 0.4.0 120.44 OK
r-devel-linux-x86_64-fedora-gcc 0.4.0 138.01 OK
r-devel-windows-x86_64 0.4.0 7.00 108.00 115.00 OK
r-patched-linux-x86_64 0.4.0 6.81 85.84 92.65 OK
r-release-linux-x86_64 0.4.0 7.72 86.86 94.58 OK
r-release-macos-arm64 0.4.0 45.00 OK
r-release-macos-x86_64 0.4.0 67.00 WARN
r-release-windows-x86_64 0.4.0 6.00 107.00 113.00 OK
r-oldrel-macos-arm64 0.4.0 47.00 OK
r-oldrel-macos-x86_64 0.4.0 100.00 OK
r-oldrel-windows-x86_64 0.4.0 8.00 116.00 124.00 OK

Check Details

Version: 0.4.0
Check: re-building of vignette outputs
Result: WARN Error(s) in re-building vignettes: ... --- re-building ‘codingMatrices.Rnw’ using knitr Error: processing vignette 'codingMatrices.Rnw' failed with diagnostics: Running 'texi2dvi' on 'codingMatrices.tex' failed. LaTeX errors: ! Undefined control sequence. l.453 \hlkwd{library}\hldef {(dplyr)} ? ! Emergency stop. ! Emergency stop. l.453 End of file on the terminal! ! ==> Fatal error occurred, no output PDF file produced! --- failed re-building ‘codingMatrices.Rnw’ SUMMARY: processing the following file failed: ‘codingMatrices.Rnw’ Error: Vignette re-building failed. Execution halted Flavor: r-release-macos-x86_64