CRAN Package Check Results for Package clusterSEs

Last updated on 2024-06-13 16:49:02 CEST.

Flavor Version Tinstall Tcheck Ttotal Status Flags
r-devel-linux-x86_64-debian-clang 2.6.5 13.09 128.37 141.46 OK
r-devel-linux-x86_64-debian-gcc 2.6.5 0.34 1.68 2.02 ERROR
r-devel-linux-x86_64-fedora-clang 2.6.5 171.74 OK
r-devel-linux-x86_64-fedora-gcc 2.6.5 159.45 OK
r-devel-windows-x86_64 2.6.5 13.00 99.00 112.00 OK
r-patched-linux-x86_64 2.6.5 13.59 118.76 132.35 OK
r-release-linux-x86_64 2.6.5 15.12 117.48 132.60 OK
r-release-macos-arm64 2.6.5 49.00 OK
r-release-macos-x86_64 2.6.5 70.00 OK
r-release-windows-x86_64 2.6.5 15.00 100.00 115.00 OK
r-oldrel-macos-arm64 2.6.5 53.00 OK
r-oldrel-macos-x86_64 2.6.5 82.00 OK
r-oldrel-windows-x86_64 2.6.5 18.00 125.00 143.00 OK

Check Details

Version: 2.6.5
Check: package dependencies
Result: ERROR Packages required but not available: 'AER', 'mlogit', 'dfidx' See section ‘The DESCRIPTION file’ in the ‘Writing R Extensions’ manual. Flavor: r-devel-linux-x86_64-debian-gcc