CRAN Package Check Results for Package classifierplots

Last updated on 2024-07-16 16:52:47 CEST.

Flavor Version Tinstall Tcheck Ttotal Status Flags
r-devel-linux-x86_64-debian-clang 1.4.0 14.47 129.66 144.13 OK
r-devel-linux-x86_64-debian-gcc 1.4.0 12.47 94.74 107.21 OK
r-devel-linux-x86_64-fedora-clang 1.4.0 181.76 NOTE
r-devel-linux-x86_64-fedora-gcc 1.4.0 178.00 NOTE
r-devel-windows-x86_64 1.4.0 14.00 104.00 118.00 OK
r-patched-linux-x86_64 1.4.0 16.26 122.03 138.29 OK
r-release-linux-x86_64 1.4.0 9.98 120.21 130.19 OK
r-release-macos-arm64 1.4.0 46.00 OK
r-release-macos-x86_64 1.4.0 78.00 OK
r-release-windows-x86_64 1.4.0 14.00 105.00 119.00 OK
r-oldrel-macos-arm64 1.4.0 59.00 OK
r-oldrel-macos-x86_64 1.4.0 93.00 OK
r-oldrel-windows-x86_64 1.4.0 20.00 124.00 144.00 OK

Check Details

Version: 1.4.0
Check: dependencies in R code
Result: NOTE Namespace in Imports field not imported from: ‘Rcpp’ All declared Imports should be used. Flavors: r-devel-linux-x86_64-fedora-clang, r-devel-linux-x86_64-fedora-gcc