CRAN Package Check Results for Package changepoint

Last updated on 2024-07-21 04:53:17 CEST.

Flavor Version Tinstall Tcheck Ttotal Status Flags
r-devel-linux-x86_64-debian-clang 2.2.4 9.96 559.36 569.32 NOTE
r-devel-linux-x86_64-debian-gcc 2.2.4 8.80 393.30 402.10 NOTE
r-devel-linux-x86_64-fedora-clang 2.2.4 653.64 NOTE
r-devel-linux-x86_64-fedora-gcc 2.2.4 605.78 NOTE
r-devel-windows-x86_64 2.2.4 15.00 410.00 425.00 NOTE
r-patched-linux-x86_64 2.2.4 11.13 523.11 534.24 NOTE
r-release-linux-x86_64 2.2.4 9.15 525.76 534.91 NOTE
r-release-macos-arm64 2.2.4 168.00 NOTE
r-release-macos-x86_64 2.2.4 307.00 NOTE
r-release-windows-x86_64 2.2.4 13.00 410.00 423.00 NOTE
r-oldrel-macos-arm64 2.2.4 122.00 OK
r-oldrel-macos-x86_64 2.2.4 227.00 OK
r-oldrel-windows-x86_64 2.2.4 17.00 506.00 523.00 OK

Check Details

Version: 2.2.4
Check: Rd files
Result: NOTE checkRd: (-1) ftse100.Rd:8: Lost braces; missing escapes or markup? 8 | This dataset gives the daily returns (c_{t+1}/c_t -1) of the UK FTSE 100 index from 2nd April 1984 until the 13th September 2012. | ^ Flavors: r-devel-linux-x86_64-debian-clang, r-devel-linux-x86_64-debian-gcc, r-devel-linux-x86_64-fedora-clang, r-devel-linux-x86_64-fedora-gcc, r-devel-windows-x86_64, r-patched-linux-x86_64, r-release-linux-x86_64, r-release-macos-arm64, r-release-macos-x86_64, r-release-windows-x86_64