CRAN Package Check Results for Package ceterisParibus

Last updated on 2024-07-17 16:52:13 CEST.

Flavor Version Tinstall Tcheck Ttotal Status Flags
r-devel-linux-x86_64-debian-clang 0.4.2 7.61 61.99 69.60 NOTE
r-devel-linux-x86_64-debian-gcc 0.4.2 5.04 47.65 52.69 NOTE
r-devel-linux-x86_64-fedora-clang 0.4.2 84.77 NOTE
r-devel-linux-x86_64-fedora-gcc 0.4.2 86.18 NOTE
r-devel-windows-x86_64 0.4.2 8.00 71.00 79.00 NOTE
r-patched-linux-x86_64 0.4.2 4.84 59.99 64.83 NOTE
r-release-linux-x86_64 0.4.2 5.28 58.98 64.26 NOTE
r-release-macos-arm64 0.4.2 34.00 NOTE
r-release-macos-x86_64 0.4.2 87.00 NOTE
r-release-windows-x86_64 0.4.2 8.00 71.00 79.00 NOTE
r-oldrel-macos-arm64 0.4.2 35.00 NOTE
r-oldrel-macos-x86_64 0.4.2 45.00 NOTE
r-oldrel-windows-x86_64 0.4.2 9.00 80.00 89.00 NOTE

Check Details

Version: 0.4.2
Check: package subdirectories
Result: NOTE Problems with news in ‘NEWS.md’: Cannot extract version info from the following section titles: Major refactoring of the code Flavors: r-devel-linux-x86_64-debian-clang, r-devel-linux-x86_64-debian-gcc, r-devel-linux-x86_64-fedora-clang, r-devel-linux-x86_64-fedora-gcc, r-devel-windows-x86_64, r-patched-linux-x86_64, r-release-linux-x86_64, r-release-macos-arm64, r-release-macos-x86_64, r-release-windows-x86_64, r-oldrel-macos-arm64, r-oldrel-macos-x86_64, r-oldrel-windows-x86_64

Version: 0.4.2
Check: LazyData
Result: NOTE 'LazyData' is specified without a 'data' directory Flavors: r-devel-linux-x86_64-debian-clang, r-devel-linux-x86_64-debian-gcc, r-devel-linux-x86_64-fedora-clang, r-devel-linux-x86_64-fedora-gcc, r-devel-windows-x86_64, r-patched-linux-x86_64, r-release-linux-x86_64, r-release-macos-arm64, r-release-macos-x86_64, r-release-windows-x86_64, r-oldrel-macos-arm64, r-oldrel-macos-x86_64, r-oldrel-windows-x86_64

Version: 0.4.2
Check: dependencies in R code
Result: NOTE Namespace in Imports field not imported from: ‘knitr’ All declared Imports should be used. Flavors: r-devel-linux-x86_64-fedora-clang, r-devel-linux-x86_64-fedora-gcc