CRAN Package Check Results for Package cbcTools

Last updated on 2024-06-15 04:48:40 CEST.

Flavor Version Tinstall Tcheck Ttotal Status Flags
r-devel-linux-x86_64-debian-clang 0.5.0 8.06 90.54 98.60 NOTE
r-devel-linux-x86_64-debian-gcc 0.5.0 6.00 64.61 70.61 NOTE
r-devel-linux-x86_64-fedora-clang 0.5.0 120.82 NOTE
r-devel-linux-x86_64-fedora-gcc 0.5.0 240.84 NOTE
r-devel-windows-x86_64 0.5.0 8.00 86.00 94.00 NOTE
r-patched-linux-x86_64 0.5.0 6.88 85.86 92.74 NOTE
r-release-linux-x86_64 0.5.0 4.72 83.76 88.48 NOTE
r-release-macos-arm64 0.5.0 66.00 NOTE
r-release-macos-x86_64 0.5.0 98.00 NOTE
r-release-windows-x86_64 0.5.0 8.00 87.00 95.00 NOTE
r-oldrel-macos-arm64 0.5.0 56.00 OK
r-oldrel-macos-x86_64 0.5.0 129.00 OK
r-oldrel-windows-x86_64 0.5.0 9.00 102.00 111.00 OK

Check Details

Version: 0.5.0
Check: Rd files
Result: NOTE checkRd: (-1) cbc_design.Rd:160: Lost braces; missing escapes or markup? 160 | see \code{?DoE.base::fac.design} as well as the JSS article on the {DoE.base} | ^ checkRd: (-1) cbc_design.Rd:174: Lost braces; missing escapes or markup? 174 | well as the JSS article on the {DoE.base} package (Grömping, 2018). | ^ checkRd: (-1) cbc_design.Rd:197: Lost braces; missing escapes or markup? 197 | {idefix} package (Traets et al, 2020). | ^ checkRd: (-1) cbc_power.Rd:70: Lost braces; missing escapes or markup? 70 | estimation. See the {logitr} documentation for details about other | ^ Flavors: r-devel-linux-x86_64-debian-clang, r-devel-linux-x86_64-debian-gcc, r-devel-linux-x86_64-fedora-clang, r-devel-linux-x86_64-fedora-gcc, r-devel-windows-x86_64, r-patched-linux-x86_64, r-release-linux-x86_64, r-release-macos-arm64, r-release-macos-x86_64, r-release-windows-x86_64