CRAN Package Check Results for Package cancensus

Last updated on 2024-07-24 16:53:43 CEST.

Flavor Version Tinstall Tcheck Ttotal Status Flags
r-devel-linux-x86_64-debian-clang 0.5.7 5.52 88.84 94.36 OK
r-devel-linux-x86_64-debian-gcc 0.5.7 5.51 67.94 73.45 OK
r-devel-linux-x86_64-fedora-clang 0.5.7 133.00 NOTE
r-devel-linux-x86_64-fedora-gcc 0.5.7 126.32 NOTE
r-devel-windows-x86_64 0.5.7 9.00 104.00 113.00 OK
r-patched-linux-x86_64 0.5.7 5.53 85.90 91.43 OK
r-release-linux-x86_64 0.5.7 4.90 84.78 89.68 OK
r-release-macos-arm64 0.5.7 62.00 OK
r-release-macos-x86_64 0.5.7 80.00 OK
r-release-windows-x86_64 0.5.7 8.00 104.00 112.00 OK
r-oldrel-macos-arm64 0.5.7 61.00 OK
r-oldrel-macos-x86_64 0.5.7 137.00 OK
r-oldrel-windows-x86_64 0.5.7 10.00 114.00 124.00 OK

Check Details

Version: 0.5.7
Check: data for non-ASCII characters
Result: NOTE Note: found 23 marked UTF-8 strings Flavors: r-devel-linux-x86_64-fedora-clang, r-devel-linux-x86_64-fedora-gcc