CRAN Package Check Results for Package ca

Last updated on 2024-07-21 16:52:07 CEST.

Flavor Version Tinstall Tcheck Ttotal Status Flags
r-devel-linux-x86_64-debian-clang 0.71.1 7.83 49.56 57.39 NOTE
r-devel-linux-x86_64-debian-gcc 0.71.1 5.58 36.10 41.68 NOTE
r-devel-linux-x86_64-fedora-clang 0.71.1 70.63 NOTE
r-devel-linux-x86_64-fedora-gcc 0.71.1 67.21 NOTE
r-devel-windows-x86_64 0.71.1 6.00 60.00 66.00 NOTE
r-patched-linux-x86_64 0.71.1 8.74 45.49 54.23 NOTE
r-release-linux-x86_64 0.71.1 7.89 47.02 54.91 NOTE
r-release-macos-arm64 0.71.1 23.00 NOTE
r-release-macos-x86_64 0.71.1 32.00 NOTE
r-release-windows-x86_64 0.71.1 8.00 59.00 67.00 NOTE
r-oldrel-macos-arm64 0.71.1 23.00 OK
r-oldrel-macos-x86_64 0.71.1 37.00 OK
r-oldrel-windows-x86_64 0.71.1 7.00 66.00 73.00 OK

Check Details

Version: 0.71.1
Check: Rd files
Result: NOTE checkRd: (-1) plot.ca.rd:53: Lost braces in \itemize; meant \describe ? checkRd: (-1) plot.ca.rd:56: Lost braces in \itemize; meant \describe ? checkRd: (-1) plot.ca.rd:59: Lost braces in \itemize; meant \describe ? checkRd: (-1) plot.ca.rd:62: Lost braces in \itemize; meant \describe ? checkRd: (-1) plot.mjca.rd:57: Lost braces in \itemize; meant \describe ? checkRd: (-1) plot.mjca.rd:60: Lost braces in \itemize; meant \describe ? checkRd: (-1) plot.mjca.rd:63: Lost braces in \itemize; meant \describe ? checkRd: (-1) plot.mjca.rd:66: Lost braces in \itemize; meant \describe ? Flavors: r-devel-linux-x86_64-debian-clang, r-devel-linux-x86_64-debian-gcc, r-devel-linux-x86_64-fedora-clang, r-devel-linux-x86_64-fedora-gcc, r-devel-windows-x86_64, r-patched-linux-x86_64, r-release-linux-x86_64, r-release-macos-arm64, r-release-macos-x86_64, r-release-windows-x86_64