CRAN Package Check Results for Package bsitar

Last updated on 2024-06-14 05:00:10 CEST.

Flavor Version Tinstall Tcheck Ttotal Status Flags
r-devel-linux-x86_64-debian-clang 0.2.1 87.43 475.70 563.13 OK
r-devel-linux-x86_64-debian-gcc 0.2.1 0.62 2.03 2.65 ERROR
r-devel-linux-x86_64-fedora-clang 0.2.1 715.84 OK
r-devel-linux-x86_64-fedora-gcc 0.2.1 667.49 OK
r-devel-windows-x86_64 0.2.1 66.00 295.00 361.00 OK
r-patched-linux-x86_64 0.2.1 84.73 445.89 530.62 OK
r-release-linux-x86_64 0.2.1 61.94 442.74 504.68 OK
r-release-macos-arm64 0.2.1 151.00 OK
r-release-macos-x86_64 0.2.1 224.00 OK
r-release-windows-x86_64 0.2.1 68.00 302.00 370.00 OK
r-oldrel-macos-arm64 0.2.1 165.00 OK
r-oldrel-macos-x86_64 0.2.1 418.00 OK
r-oldrel-windows-x86_64 0.2.1 88.00 391.00 479.00 OK

Check Details

Version: 0.2.1
Check: package dependencies
Result: ERROR Packages required but not available: 'brms', 'rstan', 'loo', 'dplyr', 'sitar' Packages suggested but not available for checking: 'ggplot2', 'bayesplot', 'posterior', 'testthat', 'tidyr', 'purrr', 'forcats', 'jtools', 'patchwork', 'tibble', 'kableExtra', 'Hmisc', 'ggtext' See section ‘The DESCRIPTION file’ in the ‘Writing R Extensions’ manual. Flavor: r-devel-linux-x86_64-debian-gcc