CRAN Package Check Results for Package brms.mmrm

Last updated on 2024-06-14 05:00:10 CEST.

Flavor Version Tinstall Tcheck Ttotal Status Flags
r-devel-linux-x86_64-debian-clang 1.0.0 52.00 505.68 557.68 OK
r-devel-linux-x86_64-debian-gcc 1.0.0 0.95 1.85 2.80 ERROR
r-devel-linux-x86_64-fedora-clang 1.0.0 678.39 OK
r-devel-linux-x86_64-fedora-gcc 1.0.0 656.82 OK
r-devel-windows-x86_64 1.0.0 28.00 324.00 352.00 OK
r-patched-linux-x86_64 1.0.0 0.78 2.40 3.18 ERROR
r-release-linux-x86_64 1.0.0 0.74 2.57 3.31 ERROR
r-release-macos-arm64 1.0.0 182.00 OK
r-release-macos-x86_64 1.0.0 352.00 OK
r-release-windows-x86_64 1.0.0 31.00 326.00 357.00 OK
r-oldrel-macos-arm64 1.0.0 186.00 OK
r-oldrel-macos-x86_64 1.0.0 394.00 OK
r-oldrel-windows-x86_64 1.0.0 40.00 433.00 473.00 OK

Check Details

Version: 1.0.0
Check: package dependencies
Result: ERROR Packages required but not available: 'brms', 'dplyr', 'ggplot2', 'ggridges', 'posterior', 'purrr', 'tibble', 'tidyr', 'tidyselect', 'trialr' Packages suggested but not available for checking: 'gt', 'gtsummary', 'mmrm', 'rstan', 'testthat' See section ‘The DESCRIPTION file’ in the ‘Writing R Extensions’ manual. Flavor: r-devel-linux-x86_64-debian-gcc

Version: 1.0.0
Check: package dependencies
Result: ERROR Package required but not available: ‘trialr’ See section ‘The DESCRIPTION file’ in the ‘Writing R Extensions’ manual. Flavors: r-patched-linux-x86_64, r-release-linux-x86_64