CRAN Package Check Results for Package bridgesampling

Last updated on 2024-06-20 04:53:39 CEST.

Flavor Version Tinstall Tcheck Ttotal Status Flags
r-devel-linux-x86_64-debian-clang 1.1-2 12.48 373.47 385.95 OK
r-devel-linux-x86_64-debian-gcc 1.1-2 9.09 271.33 280.42 OK
r-devel-linux-x86_64-fedora-clang 1.1-2 310.93 OK
r-devel-linux-x86_64-fedora-gcc 1.1-2 501.13 OK
r-devel-windows-x86_64 1.1-2 11.00 159.00 170.00 OK
r-patched-linux-x86_64 1.1-2 11.50 355.65 367.15 OK
r-release-linux-x86_64 1.1-2 11.76 365.07 376.83 OK
r-release-macos-arm64 1.1-2 126.00 OK
r-release-macos-x86_64 1.1-2 250.00 OK
r-release-windows-x86_64 1.1-2 11.00 159.00 170.00 OK
r-oldrel-macos-arm64 1.1-2 106.00 OK
r-oldrel-macos-x86_64 1.1-2 118.00 NOTE
r-oldrel-windows-x86_64 1.1-2 14.00 198.00 212.00 OK

Check Details

Version: 1.1-2
Check: package dependencies
Result: NOTE Packages suggested but not available for checking: 'BayesFactor', 'rstan', 'rstanarm', 'MCMCpack' Flavor: r-oldrel-macos-x86_64