CRAN Package Check Results for Package brandwatchR

Last updated on 2024-07-16 16:52:46 CEST.

Flavor Version Tinstall Tcheck Ttotal Status Flags
r-devel-linux-x86_64-debian-clang 0.3.0 2.06 30.09 32.15 NOTE
r-devel-linux-x86_64-debian-gcc 0.3.0 2.36 22.65 25.01 NOTE
r-devel-linux-x86_64-fedora-clang 0.3.0 41.87 NOTE
r-devel-linux-x86_64-fedora-gcc 0.3.0 39.59 NOTE
r-devel-windows-x86_64 0.3.0 4.00 48.00 52.00 NOTE
r-patched-linux-x86_64 0.3.0 3.71 28.93 32.64 NOTE
r-release-linux-x86_64 0.3.0 2.26 28.80 31.06 NOTE
r-release-macos-arm64 0.3.0 18.00 NOTE
r-release-macos-x86_64 0.3.0 37.00 NOTE
r-release-windows-x86_64 0.3.0 4.00 47.00 51.00 NOTE
r-oldrel-macos-arm64 0.3.0 19.00 NOTE
r-oldrel-macos-x86_64 0.3.0 24.00 NOTE
r-oldrel-windows-x86_64 0.3.0 5.00 51.00 56.00 NOTE

Check Details

Version: 0.3.0
Check: LazyData
Result: NOTE 'LazyData' is specified without a 'data' directory Flavors: r-devel-linux-x86_64-debian-clang, r-devel-linux-x86_64-debian-gcc, r-devel-linux-x86_64-fedora-clang, r-devel-linux-x86_64-fedora-gcc, r-devel-windows-x86_64, r-patched-linux-x86_64, r-release-linux-x86_64, r-release-macos-arm64, r-release-macos-x86_64, r-release-windows-x86_64, r-oldrel-macos-arm64, r-oldrel-macos-x86_64, r-oldrel-windows-x86_64