CRAN Package Check Results for Package bndesr

Last updated on 2024-07-12 04:55:52 CEST.

Flavor Version Tinstall Tcheck Ttotal Status Flags
r-devel-linux-x86_64-debian-clang 1.0.3 2.89 32.88 35.77 OK
r-devel-linux-x86_64-debian-gcc 1.0.3 2.19 25.00 27.19 OK
r-devel-linux-x86_64-fedora-clang 1.0.3 44.86 NOTE
r-devel-linux-x86_64-fedora-gcc 1.0.3 42.06 NOTE
r-devel-windows-x86_64 1.0.3 4.00 59.00 63.00 OK
r-patched-linux-x86_64 1.0.3 2.48 32.05 34.53 OK
r-release-linux-x86_64 1.0.3 2.83 31.53 34.36 OK
r-release-macos-arm64 1.0.3 36.00 OK
r-release-macos-x86_64 1.0.3 40.00 OK
r-release-windows-x86_64 1.0.3 4.00 59.00 63.00 OK
r-oldrel-macos-arm64 1.0.3 35.00 OK
r-oldrel-macos-x86_64 1.0.3 48.00 OK
r-oldrel-windows-x86_64 1.0.3 4.00 61.00 65.00 OK

Check Details

Version: 1.0.3
Check: dependencies in R code
Result: NOTE Namespace in Imports field not imported from: ‘curl’ All declared Imports should be used. Flavors: r-devel-linux-x86_64-fedora-clang, r-devel-linux-x86_64-fedora-gcc