CRAN Package Check Results for Package blogdown

Last updated on 2024-07-23 16:49:00 CEST.

Flavor Version Tinstall Tcheck Ttotal Status Flags
r-devel-linux-x86_64-debian-clang 1.19 5.04 44.20 49.24 OK
r-devel-linux-x86_64-debian-gcc 1.19 4.81 32.50 37.31 NOTE
r-devel-linux-x86_64-fedora-clang 1.19 64.98 OK
r-devel-linux-x86_64-fedora-gcc 1.19 59.26 OK
r-devel-windows-x86_64 1.19 7.00 54.00 61.00 NOTE
r-patched-linux-x86_64 1.19 9.09 40.38 49.47 OK
r-release-linux-x86_64 1.19 5.50 40.28 45.78 OK
r-release-macos-arm64 1.19 21.00 OK
r-release-macos-x86_64 1.19 32.00 OK
r-release-windows-x86_64 1.19 6.00 53.00 59.00 OK
r-oldrel-macos-arm64 1.19 27.00 OK
r-oldrel-macos-x86_64 1.19 38.00 OK
r-oldrel-windows-x86_64 1.19 9.00 59.00 68.00 OK

Check Details

Version: 1.19
Check: Rd cross-references
Result: NOTE Found the following Rd file(s) with Rd \link{} targets missing package anchors: build_dir.Rd: render html_page.Rd: html_document2, output_format hugo_cmd.Rd: server_config read_toml.Rd: raw_string serve_site.Rd: server_config Please provide package anchors for all Rd \link{} targets not in the package itself and the base packages. Flavors: r-devel-linux-x86_64-debian-gcc, r-devel-windows-x86_64