CRAN Package Check Results for Package bcgam

Last updated on 2024-06-14 05:00:08 CEST.

Flavor Version Tinstall Tcheck Ttotal Status Flags
r-devel-linux-x86_64-debian-clang 1.0 10.08 172.10 182.18 OK
r-devel-linux-x86_64-debian-gcc 1.0 0.33 1.63 1.96 ERROR
r-devel-linux-x86_64-fedora-clang 1.0 197.18 OK
r-devel-linux-x86_64-fedora-gcc 1.0 199.40 OK
r-devel-windows-x86_64 1.0 11.00 132.00 143.00 OK
r-patched-linux-x86_64 1.0 10.74 157.73 168.47 OK
r-release-linux-x86_64 1.0 8.01 143.30 151.31 OK
r-release-macos-arm64 1.0 54.00 OK
r-release-macos-x86_64 1.0 107.00 OK
r-release-windows-x86_64 1.0 10.00 128.00 138.00 OK
r-oldrel-macos-arm64 1.0 55.00 OK
r-oldrel-macos-x86_64 1.0 85.00 OK
r-oldrel-windows-x86_64 1.0 14.00 157.00 171.00 OK

Check Details

Version: 1.0
Check: package dependencies
Result: ERROR Packages required but not available: 'nimble', 'igraph' Package suggested but not available for checking: ‘testthat’ See section ‘The DESCRIPTION file’ in the ‘Writing R Extensions’ manual. Flavor: r-devel-linux-x86_64-debian-gcc