CRAN Package Check Results for Package bayclumpr

Last updated on 2024-06-13 16:49:00 CEST.

Flavor Version Tinstall Tcheck Ttotal Status Flags
r-devel-linux-x86_64-debian-clang 0.1.0 30.72 130.67 161.39 OK
r-devel-linux-x86_64-debian-gcc 0.1.0 0.25 1.71 1.96 ERROR
r-devel-linux-x86_64-fedora-clang 0.1.0 204.65 OK
r-devel-linux-x86_64-fedora-gcc 0.1.0 199.93 OK
r-devel-windows-x86_64 0.1.0 16.00 94.00 110.00 OK
r-patched-linux-x86_64 0.1.0 20.39 127.50 147.89 OK
r-release-linux-x86_64 0.1.0 19.07 123.56 142.63 OK
r-release-macos-arm64 0.1.0 50.00 OK
r-release-macos-x86_64 0.1.0 91.00 OK
r-release-windows-x86_64 0.1.0 16.00 94.00 110.00 OK
r-oldrel-macos-arm64 0.1.0 40.00 OK
r-oldrel-macos-x86_64 0.1.0 68.00 OK
r-oldrel-windows-x86_64 0.1.0 20.00 123.00 143.00 OK

Check Details

Version: 0.1.0
Check: package dependencies
Result: ERROR Packages required but not available: 'loo', 'rstan' Package suggested but not available for checking: ‘testthat’ See section ‘The DESCRIPTION file’ in the ‘Writing R Extensions’ manual. Flavor: r-devel-linux-x86_64-debian-gcc