CRAN Package Check Results for Package bakR

Last updated on 2024-06-13 04:52:17 CEST.

Flavor Version Tinstall Tcheck Ttotal Status Flags
r-devel-linux-x86_64-debian-clang 1.0.1 851.91 605.56 1457.47 OK
r-devel-linux-x86_64-debian-gcc 1.0.1 0.53 1.78 2.31 ERROR
r-devel-linux-x86_64-fedora-clang 1.0.1 1753.27 NOTE
r-devel-linux-x86_64-fedora-gcc 1.0.1 2238.29 NOTE
r-devel-windows-x86_64 1.0.1 583.00 508.00 1091.00 NOTE
r-patched-linux-x86_64 1.0.1 584.46 670.50 1254.96 OK
r-release-linux-x86_64 1.0.1 0.02 2.87 2.89 ERROR
r-release-macos-arm64 1.0.1 433.00 NOTE
r-release-macos-x86_64 1.0.1 548.00 NOTE
r-release-windows-x86_64 1.0.1 585.00 515.00 1100.00 NOTE
r-oldrel-macos-arm64 1.0.1 409.00 NOTE
r-oldrel-macos-x86_64 1.0.1 601.00 NOTE
r-oldrel-windows-x86_64 1.0.1 753.00 674.00 1427.00 NOTE

Check Details

Version: 1.0.1
Check: package dependencies
Result: ERROR Packages required but not available: 'purrr', 'rstan', 'dplyr', 'tidyr', 'Hmisc', 'ggplot2' Package suggested but not available for checking: ‘DESeq2’ See section ‘The DESCRIPTION file’ in the ‘Writing R Extensions’ manual. Flavor: r-devel-linux-x86_64-debian-gcc

Version: 1.0.1
Check: installed package size
Result: NOTE installed size is 9.5Mb sub-directories of 1Mb or more: libs 7.7Mb Flavors: r-devel-linux-x86_64-fedora-clang, r-devel-windows-x86_64, r-release-macos-arm64, r-release-macos-x86_64, r-release-windows-x86_64, r-oldrel-macos-arm64, r-oldrel-macos-x86_64, r-oldrel-windows-x86_64

Version: 1.0.1
Check: dependencies in R code
Result: NOTE Namespaces in Imports field not imported from: ‘RcppParallel’ ‘rstantools’ All declared Imports should be used. Flavors: r-devel-linux-x86_64-fedora-clang, r-devel-linux-x86_64-fedora-gcc

Version: 1.0.1
Check: for GNU extensions in Makefiles
Result: NOTE GNU make is a SystemRequirements. Flavors: r-devel-linux-x86_64-fedora-clang, r-devel-linux-x86_64-fedora-gcc, r-release-macos-arm64, r-release-macos-x86_64, r-oldrel-macos-arm64, r-oldrel-macos-x86_64

Version: 1.0.1
Check: whether package can be installed
Result: ERROR Installation failed. Flavor: r-release-linux-x86_64