CRAN Package Check Results for Package astrochron

Last updated on 2024-07-13 04:48:32 CEST.

Flavor Version Tinstall Tcheck Ttotal Status Flags
r-devel-linux-x86_64-debian-clang 1.3 37.54 193.13 230.67 OK
r-devel-linux-x86_64-debian-gcc 1.3 28.38 124.02 152.40 ERROR
r-devel-linux-x86_64-fedora-clang 1.3 281.07 OK
r-devel-linux-x86_64-fedora-gcc 1.3 264.63 OK
r-devel-windows-x86_64 1.3 35.00 166.00 201.00 NOTE
r-patched-linux-x86_64 1.3 35.54 186.04 221.58 OK
r-release-linux-x86_64 1.3 30.53 178.04 208.57 OK
r-release-macos-arm64 1.3 84.00 OK
r-release-macos-x86_64 1.3 147.00 OK
r-release-windows-x86_64 1.3 36.00 166.00 202.00 OK
r-oldrel-macos-arm64 1.3 80.00 OK
r-oldrel-macos-x86_64 1.3 138.00 OK
r-oldrel-windows-x86_64 1.3 48.00 197.00 245.00 OK

Additional issues

clang17

Check Details

Version: 1.3
Check: examples
Result: ERROR Running examples in ‘astrochron-Ex.R’ failed The error most likely occurred in: > base::assign(".ptime", proc.time(), pos = "CheckExEnv") > ### Name: integratePower > ### Title: Determine the total power within a given bandwidth > ### Aliases: integratePower > > ### ** Examples > > # generate etp signal over past 10 Ma > ex=etp(tmax=10000) ----- GENERATING ECCENTRICITY-TILT-PRECESSION MODEL ----- * Downloading Laskar et al. (2004) astronomical solution trying URL 'http://www.geology.wisc.edu/~smeyers/astrochron/la04.txt.bz2' Warning in download.file("http://www.geology.wisc.edu/~smeyers/astrochron/la04.txt.bz2", : URL 'http://www.geology.wisc.edu/~smeyers/astrochron/la04.txt.bz2': Timeout of 60 seconds was reached Error in download.file("http://www.geology.wisc.edu/~smeyers/astrochron/la04.txt.bz2", : cannot open URL 'http://www.geology.wisc.edu/~smeyers/astrochron/la04.txt.bz2' Calls: etp -> download.file Execution halted Examples with CPU (user + system) or elapsed time > 5s user system elapsed asm 2.761 0.176 5.077 Flavor: r-devel-linux-x86_64-debian-gcc

Version: 1.3
Check: Rd cross-references
Result: NOTE Found the following Rd file(s) with Rd \link{} targets missing package anchors: confAdjust.Rd: spec.mtm lowspec.Rd: rfbaseline, spec.mtm mtm.Rd: spec.mtm mtmAR.Rd: spec.mtm mtmML96.Rd: spec.mtm mtmPL.Rd: spec.mtm Please provide package anchors for all Rd \link{} targets not in the package itself and the base packages. Flavor: r-devel-windows-x86_64