CRAN Package Check Results for Package ascotraceR

Last updated on 2025-01-19 04:48:50 CET.

Flavor Version Tinstall Tcheck Ttotal Status Flags
r-devel-linux-x86_64-debian-clang 0.0.1 3.26 96.88 100.14 OK
r-devel-linux-x86_64-debian-gcc 0.0.1 2.39 64.74 67.13 OK
r-devel-linux-x86_64-fedora-clang 0.0.1 145.47 NOTE
r-devel-linux-x86_64-fedora-gcc 0.0.1 143.97 NOTE
r-devel-windows-x86_64 0.0.1 4.00 91.00 95.00 OK
r-patched-linux-x86_64 0.0.1 3.34 82.43 85.77 OK
r-release-linux-x86_64 0.0.1 2.84 82.29 85.13 OK
r-release-macos-arm64 0.0.1 39.00 OK
r-release-macos-x86_64 0.0.1 76.00 OK
r-release-windows-x86_64 0.0.1 7.00 91.00 98.00 OK
r-oldrel-macos-arm64 0.0.1 42.00 OK
r-oldrel-macos-x86_64 0.0.1 72.00 OK
r-oldrel-windows-x86_64 0.0.1 5.00 109.00 114.00 OK

Check Details

Version: 0.0.1
Check: dependencies in R code
Result: NOTE Namespace in Imports field not imported from: ‘purrr’ All declared Imports should be used. Flavors: r-devel-linux-x86_64-fedora-clang, r-devel-linux-x86_64-fedora-gcc