CRAN Package Check Results for Package ascentTraining

Last updated on 2024-07-21 04:53:15 CEST.

Flavor Version Tinstall Tcheck Ttotal Status Flags
r-devel-linux-x86_64-debian-clang 1.0.0 4.06 31.40 35.46 NOTE
r-devel-linux-x86_64-debian-gcc 1.0.0 3.53 23.65 27.18 NOTE
r-devel-linux-x86_64-fedora-clang 1.0.0 44.70 NOTE
r-devel-linux-x86_64-fedora-gcc 1.0.0 43.08 NOTE
r-devel-windows-x86_64 1.0.0 7.00 51.00 58.00 NOTE
r-patched-linux-x86_64 1.0.0 5.22 29.82 35.04 NOTE
r-release-linux-x86_64 1.0.0 4.81 29.74 34.55 NOTE
r-release-macos-arm64 1.0.0 18.00 NOTE
r-release-macos-x86_64 1.0.0 28.00 NOTE
r-release-windows-x86_64 1.0.0 6.00 50.00 56.00 NOTE
r-oldrel-macos-arm64 1.0.0 22.00 NOTE
r-oldrel-macos-x86_64 1.0.0 29.00 NOTE
r-oldrel-windows-x86_64 1.0.0 7.00 53.00 60.00 NOTE

Check Details

Version: 1.0.0
Check: Rd files
Result: NOTE checkRd: (-1) breast_cancer_clean_features.Rd:45: Escaped LaTeX specials: \& Flavors: r-devel-linux-x86_64-debian-clang, r-devel-linux-x86_64-debian-gcc, r-devel-linux-x86_64-fedora-clang, r-devel-linux-x86_64-fedora-gcc, r-devel-windows-x86_64, r-patched-linux-x86_64, r-release-linux-x86_64, r-release-macos-arm64, r-release-macos-x86_64, r-release-windows-x86_64, r-oldrel-macos-arm64, r-oldrel-macos-x86_64, r-oldrel-windows-x86_64

Version: 1.0.0
Check: data for non-ASCII characters
Result: NOTE Note: found 328 marked UTF-8 strings Flavors: r-devel-linux-x86_64-fedora-clang, r-devel-linux-x86_64-fedora-gcc