CRAN Package Check Results for Package arcpbf

Last updated on 2024-07-23 16:48:59 CEST.

Flavor Version Tinstall Tcheck Ttotal Status Flags
r-devel-linux-x86_64-debian-clang 0.1.3 95.33 26.98 122.31 OK
r-devel-linux-x86_64-debian-gcc 0.1.3 73.44 20.80 94.24 OK
r-devel-linux-x86_64-fedora-clang 0.1.3 125.78 ERROR
r-devel-linux-x86_64-fedora-gcc 0.1.3 124.04 ERROR
r-devel-windows-x86_64 0.1.3 72.00 62.00 134.00 OK
r-patched-linux-x86_64 0.1.3 96.48 25.92 122.40 OK
r-release-linux-x86_64 0.1.3 72.14 25.98 98.12 OK
r-release-macos-arm64 0.1.3 52.00 NOTE
r-release-macos-x86_64 0.1.3 89.00 NOTE
r-release-windows-x86_64 0.1.3 71.00 57.00 128.00 OK
r-oldrel-macos-arm64 0.1.3 60.00 NOTE
r-oldrel-macos-x86_64 0.1.3 28.00 ERROR
r-oldrel-windows-x86_64 0.1.3 86.00 66.00 152.00 OK

Check Details

Version: 0.1.3
Check: whether package can be installed
Result: ERROR Installation failed. Flavors: r-devel-linux-x86_64-fedora-clang, r-devel-linux-x86_64-fedora-gcc, r-oldrel-macos-x86_64

Version: 0.1.3
Check: installed package size
Result: NOTE installed size is 8.3Mb sub-directories of 1Mb or more: libs 8.2Mb Flavors: r-release-macos-arm64, r-release-macos-x86_64, r-oldrel-macos-arm64