CRAN Package Check Results for Package anndata

Last updated on 2025-01-21 16:50:00 CET.

Flavor Version Tinstall Tcheck Ttotal Status Flags
r-devel-linux-x86_64-debian-clang 0.7.5.6 9.29 81.39 90.68 NOTE
r-devel-linux-x86_64-debian-gcc 0.7.5.6 6.44 62.01 68.45 NOTE
r-devel-linux-x86_64-fedora-clang 0.7.5.6 152.99 NOTE
r-devel-linux-x86_64-fedora-gcc 0.7.5.6 151.82 NOTE
r-devel-windows-x86_64 0.7.5.6 10.00 153.00 163.00 NOTE
r-patched-linux-x86_64 0.7.5.6 9.45 76.66 86.11 NOTE
r-release-linux-x86_64 0.7.5.6 8.37 77.19 85.56 NOTE
r-release-macos-arm64 0.7.5.6 49.00 NOTE
r-release-macos-x86_64 0.7.5.6 74.00 NOTE
r-release-windows-x86_64 0.7.5.6 10.00 149.00 159.00 NOTE
r-oldrel-macos-arm64 0.7.5.6 49.00 OK
r-oldrel-macos-x86_64 0.7.5.6 82.00 OK
r-oldrel-windows-x86_64 0.7.5.6 11.00 154.00 165.00 OK

Check Details

Version: 0.7.5.6
Check: Rd files
Result: NOTE checkRd: (-1) concat.Rd:35: Lost braces; missing escapes or markup? 35 | \item{index_unique}{Whether to make the index unique by using the keys. If provided, this is the delimeter between "{orig_idx}{index_unique}{key}". When \code{NULL}, the original indices are kept.} | ^ checkRd: (-1) concat.Rd:35: Lost braces 35 | \item{index_unique}{Whether to make the index unique by using the keys. If provided, this is the delimeter between "{orig_idx}{index_unique}{key}". When \code{NULL}, the original indices are kept.} | ^ checkRd: (-1) concat.Rd:35: Lost braces 35 | \item{index_unique}{Whether to make the index unique by using the keys. If provided, this is the delimeter between "{orig_idx}{index_unique}{key}". When \code{NULL}, the original indices are kept.} | ^ Flavors: r-devel-linux-x86_64-debian-clang, r-devel-linux-x86_64-debian-gcc, r-devel-linux-x86_64-fedora-clang, r-devel-linux-x86_64-fedora-gcc, r-devel-windows-x86_64, r-patched-linux-x86_64, r-release-linux-x86_64, r-release-macos-arm64, r-release-macos-x86_64, r-release-windows-x86_64