CRAN Package Check Results for Package animation

Last updated on 2024-06-14 05:00:07 CEST.

Flavor Version Tinstall Tcheck Ttotal Status Flags
r-devel-linux-x86_64-debian-clang 2.7 7.74 52.41 60.15 OK
r-devel-linux-x86_64-debian-gcc 2.7 0.54 1.68 2.22 ERROR
r-devel-linux-x86_64-fedora-clang 2.7 72.28 OK
r-devel-linux-x86_64-fedora-gcc 2.7 68.15 OK
r-devel-windows-x86_64 2.7 8.00 69.00 77.00 OK
r-patched-linux-x86_64 2.7 8.11 49.71 57.82 OK
r-release-linux-x86_64 2.7 6.71 50.01 56.72 OK
r-release-macos-arm64 2.7 25.00 OK
r-release-macos-x86_64 2.7 36.00 OK
r-release-windows-x86_64 2.7 7.00 72.00 79.00 OK
r-oldrel-macos-arm64 2.7 28.00 OK
r-oldrel-macos-x86_64 2.7 39.00 OK
r-oldrel-windows-x86_64 2.7 8.00 76.00 84.00 OK

Check Details

Version: 2.7
Check: package dependencies
Result: ERROR Package required but not available: ‘magick’ See section ‘The DESCRIPTION file’ in the ‘Writing R Extensions’ manual. Flavor: r-devel-linux-x86_64-debian-gcc