CRAN Package Check Results for Package alr4

Last updated on 2024-06-21 16:55:52 CEST.

Flavor Version Tinstall Tcheck Ttotal Status Flags
r-devel-linux-x86_64-debian-clang 1.0.6 13.52 100.72 114.24 NOTE
r-devel-linux-x86_64-debian-gcc 1.0.6 9.40 74.59 83.99 NOTE
r-devel-linux-x86_64-fedora-clang 1.0.6 138.01 NOTE
r-devel-linux-x86_64-fedora-gcc 1.0.6 133.30 NOTE
r-devel-windows-x86_64 1.0.6 12.00 108.00 120.00 NOTE
r-patched-linux-x86_64 1.0.6 12.10 97.86 109.96 NOTE
r-release-linux-x86_64 1.0.6 10.31 97.75 108.06 NOTE
r-release-macos-arm64 1.0.6 40.00 NOTE
r-release-macos-x86_64 1.0.6 59.00 NOTE
r-release-windows-x86_64 1.0.6 13.00 113.00 126.00 NOTE
r-oldrel-macos-arm64 1.0.6 45.00 NOTE
r-oldrel-macos-x86_64 1.0.6 70.00 NOTE
r-oldrel-windows-x86_64 1.0.6 15.00 133.00 148.00 NOTE

Check Details

Version: 1.0.6
Check: Rd files
Result: NOTE checkRd: (-1) UN1.Rd:16: Escaped LaTeX specials: \$ checkRd: (-1) rateprof.Rd:64: Escaped LaTeX specials: \& Flavors: r-devel-linux-x86_64-debian-clang, r-devel-linux-x86_64-debian-gcc, r-devel-linux-x86_64-fedora-clang, r-devel-linux-x86_64-fedora-gcc, r-devel-windows-x86_64, r-patched-linux-x86_64, r-release-linux-x86_64, r-release-macos-arm64, r-release-macos-x86_64, r-release-windows-x86_64, r-oldrel-macos-arm64, r-oldrel-macos-x86_64, r-oldrel-windows-x86_64