CRAN Package Check Results for Package afdx

Last updated on 2024-07-17 16:52:08 CEST.

Flavor Version Tinstall Tcheck Ttotal Status Flags
r-devel-linux-x86_64-debian-clang 1.1.1 6.61 79.42 86.03 NOTE
r-devel-linux-x86_64-debian-gcc 1.1.1 3.77 60.77 64.54 NOTE
r-devel-linux-x86_64-fedora-clang 1.1.1 111.57 NOTE
r-devel-linux-x86_64-fedora-gcc 1.1.1 116.46 NOTE
r-devel-windows-x86_64 1.1.1 7.00 82.00 89.00 NOTE
r-patched-linux-x86_64 1.1.1 4.69 76.10 80.79 NOTE
r-release-linux-x86_64 1.1.1 5.54 75.94 81.48 NOTE
r-release-macos-arm64 1.1.1 40.00 NOTE
r-release-macos-x86_64 1.1.1 60.00 NOTE
r-release-windows-x86_64 1.1.1 7.00 82.00 89.00 NOTE
r-oldrel-macos-arm64 1.1.1 41.00 NOTE
r-oldrel-macos-x86_64 1.1.1 63.00 NOTE
r-oldrel-windows-x86_64 1.1.1 8.00 90.00 98.00 NOTE

Check Details

Version: 1.1.1
Check: package subdirectories
Result: NOTE Problems with news in ‘NEWS.md’: No news entries found. Flavors: r-devel-linux-x86_64-debian-clang, r-devel-linux-x86_64-debian-gcc, r-devel-linux-x86_64-fedora-clang, r-devel-linux-x86_64-fedora-gcc, r-devel-windows-x86_64, r-patched-linux-x86_64, r-release-linux-x86_64, r-release-macos-arm64, r-release-macos-x86_64, r-release-windows-x86_64, r-oldrel-macos-arm64, r-oldrel-macos-x86_64, r-oldrel-windows-x86_64