CRAN Package Check Results for Package adventr

Last updated on 2024-06-20 04:53:37 CEST.

Flavor Version Tinstall Tcheck Ttotal Status Flags
r-devel-linux-x86_64-debian-clang 0.1.8 5.62 45.05 50.67 OK
r-devel-linux-x86_64-debian-gcc 0.1.8 4.92 34.07 38.99 OK
r-devel-linux-x86_64-fedora-clang 0.1.8 63.53 NOTE
r-devel-linux-x86_64-fedora-gcc 0.1.8 72.75 NOTE
r-devel-windows-x86_64 0.1.8 8.00 57.00 65.00 NOTE
r-patched-linux-x86_64 0.1.8 7.00 43.03 50.03 OK
r-release-linux-x86_64 0.1.8 6.44 42.76 49.20 OK
r-release-macos-arm64 0.1.8 30.00 NOTE
r-release-macos-x86_64 0.1.8 41.00 NOTE
r-release-windows-x86_64 0.1.8 9.00 58.00 67.00 NOTE
r-oldrel-macos-arm64 0.1.8 32.00 NOTE
r-oldrel-macos-x86_64 0.1.8 43.00 NOTE
r-oldrel-windows-x86_64 0.1.8 9.00 62.00 71.00 NOTE

Check Details

Version: 0.1.8
Check: installed package size
Result: NOTE installed size is 5.8Mb sub-directories of 1Mb or more: tutorials 5.6Mb Flavors: r-devel-linux-x86_64-fedora-clang, r-devel-windows-x86_64, r-release-macos-arm64, r-release-macos-x86_64, r-release-windows-x86_64, r-oldrel-macos-arm64, r-oldrel-macos-x86_64, r-oldrel-windows-x86_64

Version: 0.1.8
Check: dependencies in R code
Result: NOTE Namespaces in Imports field not imported from: ‘BayesFactor’ ‘GGally’ ‘Hmisc’ ‘WRS2’ ‘boot’ ‘car’ ‘dplyr’ ‘effects’ ‘effsize’ ‘forcats’ ‘ggplot2’ ‘lm.beta’ ‘nlme’ ‘readr’ ‘robust’ ‘sandwich’ ‘sjstats’ ‘tidyr’ All declared Imports should be used. Flavors: r-devel-linux-x86_64-fedora-clang, r-devel-linux-x86_64-fedora-gcc