CRAN Package Check Results for Package WeightedCluster

Last updated on 2024-07-21 16:52:26 CEST.

Flavor Version Tinstall Tcheck Ttotal Status Flags
r-devel-linux-x86_64-debian-clang 1.6-4 21.57 231.92 253.49 OK
r-devel-linux-x86_64-debian-gcc 1.6-4 13.95 179.84 193.79 NOTE
r-devel-linux-x86_64-fedora-clang 1.6-4 330.71 OK
r-devel-linux-x86_64-fedora-gcc 1.6-4 322.88 OK
r-devel-windows-x86_64 1.6-4 22.00 251.00 273.00 NOTE
r-patched-linux-x86_64 1.6-4 23.74 222.11 245.85 OK
r-release-linux-x86_64 1.6-4 18.45 228.68 247.13 OK
r-release-macos-arm64 1.6-4 109.00 OK
r-release-macos-x86_64 1.6-4 137.00 WARN
r-release-windows-x86_64 1.6-4 21.00 250.00 271.00 OK
r-oldrel-macos-arm64 1.6-4 111.00 OK
r-oldrel-macos-x86_64 1.6-4 262.00 OK
r-oldrel-windows-x86_64 1.6-4 26.00 274.00 300.00 OK

Additional issues

noRemap

Check Details

Version: 1.6-4
Check: Rd cross-references
Result: NOTE Found the following Rd file(s) with Rd \link{} targets missing package anchors: as.clustrange.Rd: diana, agnes as.seqtree.Rd: diana, agnes clustassoc.Rd: dissmfacw fuzzyseqplot.Rd: seqdef, seqplot, fanny kmedoids.Rd: cluster seqclustname.Rd: seqdef seqnull.Rd: seqdef seqnullcqi.Rd: seqdef, seqdist, seqdplot, multisession, plan seqpropclust.Rd: seqdef, seqefsub, disstree, seqtreedisplay wcAggregateCases.Rd: seqdef wcCmpCluster.Rd: diana, agnes wcSilhouetteObs.Rd: cluster Please provide package anchors for all Rd \link{} targets not in the package itself and the base packages. Flavors: r-devel-linux-x86_64-debian-gcc, r-devel-windows-x86_64

Version: 1.6-4
Check: re-building of vignette outputs
Result: WARN Error(s) in re-building vignettes: --- re-building ‘WeightedCluster.Rnw’ using knitr Error: processing vignette 'WeightedCluster.Rnw' failed with diagnostics: Running 'texi2dvi' on 'WeightedCluster.tex' failed. LaTeX errors: ! Undefined control sequence. l.195 \hldef {R> }\hlkwd{install.packages}\hldef{(}\hlsng{"WeightedCluster"}\... ? ! Emergency stop. l.195 End of file on the terminal! ! ==> Fatal error occurred, no output PDF file produced! --- failed re-building ‘WeightedCluster.Rnw’ --- re-building ‘WeightedClusterFR.Rnw’ using knitr Error: processing vignette 'WeightedClusterFR.Rnw' failed with diagnostics: Running 'texi2dvi' on 'WeightedClusterFR.tex' failed. LaTeX errors: ! Undefined control sequence. l.197 \hldef {R> }\hlkwd{install.packages}\hldef{(}\hlsng{"WeightedCluster"}\... ? ! Emergency stop. l.197 End of file on the terminal! ! ==> Fatal error occurred, no output PDF file produced! --- failed re-building ‘WeightedClusterFR.Rnw’ --- re-building ‘WeightedClusterPreview.Rnw’ using knitr Error: processing vignette 'WeightedClusterPreview.Rnw' failed with diagnostics: Running 'texi2dvi' on 'WeightedClusterPreview.tex' failed. LaTeX errors: ! Undefined control sequence. l.155 \hldef {R> }\hlkwd{install.packages}\hldef{(}\hlsng{"WeightedCluster"}\... ? ! Emergency stop. l.155 End of file on the terminal! ! ==> Fatal error occurred, no output PDF file produced! --- failed re-building ‘WeightedClusterPreview.Rnw’ SUMMARY: processing the following files failed: ‘WeightedCluster.Rnw’ ‘WeightedClusterFR.Rnw’ ‘WeightedClusterPreview.Rnw’ Error: Vignette re-building failed. Execution halted Flavor: r-release-macos-x86_64