Last updated on 2025-06-23 16:50:25 CEST.
Flavor | Version | Tinstall | Tcheck | Ttotal | Status | Flags |
---|---|---|---|---|---|---|
r-devel-linux-x86_64-debian-clang | 1.1.4 | 22.45 | 326.09 | 348.54 | OK | |
r-devel-linux-x86_64-debian-gcc | 1.1.4 | 15.15 | 229.09 | 244.24 | OK | |
r-devel-linux-x86_64-fedora-clang | 1.1.4 | 531.92 | OK | |||
r-devel-linux-x86_64-fedora-gcc | 1.1.4 | 523.22 | OK | |||
r-devel-windows-x86_64 | 1.1.4 | 24.00 | 299.00 | 323.00 | OK | |
r-patched-linux-x86_64 | 1.1.4 | 24.90 | 305.87 | 330.77 | OK | |
r-release-linux-x86_64 | 1.1.4 | 19.00 | 305.01 | 324.01 | OK | |
r-release-macos-arm64 | 1.1.4 | 143.00 | OK | |||
r-release-macos-x86_64 | 1.1.4 | 282.00 | OK | |||
r-release-windows-x86_64 | 1.1.4 | 24.00 | 417.00 | 441.00 | OK | |
r-oldrel-macos-arm64 | 1.1.4 | 144.00 | NOTE | |||
r-oldrel-macos-x86_64 | 1.1.4 | 213.00 | NOTE | |||
r-oldrel-windows-x86_64 | 1.1.4 | 33.00 | 529.00 | 562.00 | NOTE |
Version: 1.1.4
Check: installed package size
Result: NOTE
installed size is 5.4Mb
sub-directories of 1Mb or more:
doc 4.3Mb
Flavors: r-oldrel-macos-arm64, r-oldrel-macos-x86_64, r-oldrel-windows-x86_64