CRAN Package Check Results for Package WCM

Last updated on 2024-05-18 04:11:56 CEST.

Flavor Version Tinstall Tcheck Ttotal Status Flags
r-devel-linux-x86_64-debian-clang 0.2.2 2.23 52.39 54.62 NOTE
r-devel-linux-x86_64-debian-gcc 0.2.2 1.76 36.88 38.64 NOTE
r-devel-linux-x86_64-fedora-clang 0.2.2 63.26 NOTE
r-devel-linux-x86_64-fedora-gcc 0.2.2 75.63 NOTE
r-devel-windows-x86_64 0.2.2 3.00 56.00 59.00 NOTE
r-patched-linux-x86_64 0.2.2 2.03 48.50 50.53 NOTE
r-release-linux-x86_64 0.2.2 2.16 50.09 52.25 NOTE
r-release-macos-arm64 0.2.2 22.00 NOTE
r-release-windows-x86_64 0.2.2 3.00 58.00 61.00 NOTE
r-oldrel-macos-arm64 0.2.2 24.00 NOTE
r-oldrel-macos-x86_64 0.2.2 35.00 NOTE
r-oldrel-windows-x86_64 0.2.2 3.00 65.00 68.00 NOTE

Check Details

Version: 0.2.2
Check: LazyData
Result: NOTE 'LazyData' is specified without a 'data' directory Flavors: r-devel-linux-x86_64-debian-clang, r-devel-linux-x86_64-debian-gcc, r-devel-linux-x86_64-fedora-clang, r-devel-linux-x86_64-fedora-gcc, r-devel-windows-x86_64, r-patched-linux-x86_64, r-release-linux-x86_64, r-release-macos-arm64, r-release-windows-x86_64, r-oldrel-macos-arm64, r-oldrel-macos-x86_64, r-oldrel-windows-x86_64