CRAN Package Check Results for Package VDAP

Last updated on 2024-06-14 16:54:18 CEST.

Flavor Version Tinstall Tcheck Ttotal Status Flags
r-devel-linux-x86_64-debian-clang 2.0.0 13.68 103.12 116.80 NOTE
r-devel-linux-x86_64-debian-gcc 2.0.0 10.26 76.17 86.43 NOTE
r-devel-linux-x86_64-fedora-clang 2.0.0 144.97 NOTE
r-devel-linux-x86_64-fedora-gcc 2.0.0 136.24 NOTE
r-devel-windows-x86_64 2.0.0 12.00 91.00 103.00 NOTE
r-patched-linux-x86_64 2.0.0 12.05 97.12 109.17 NOTE
r-release-linux-x86_64 2.0.0 8.28 99.68 107.96 NOTE
r-release-macos-arm64 2.0.0 41.00 NOTE
r-release-macos-x86_64 2.0.0 59.00 NOTE
r-release-windows-x86_64 2.0.0 12.00 92.00 104.00 NOTE
r-oldrel-macos-arm64 2.0.0 47.00 NOTE
r-oldrel-macos-x86_64 2.0.0 74.00 NOTE
r-oldrel-windows-x86_64 2.0.0 15.00 114.00 129.00 NOTE

Check Details

Version: 2.0.0
Check: LazyData
Result: NOTE 'LazyData' is specified without a 'data' directory Flavors: r-devel-linux-x86_64-debian-clang, r-devel-linux-x86_64-debian-gcc, r-devel-linux-x86_64-fedora-clang, r-devel-linux-x86_64-fedora-gcc, r-devel-windows-x86_64, r-patched-linux-x86_64, r-release-linux-x86_64, r-release-macos-arm64, r-release-macos-x86_64, r-release-windows-x86_64, r-oldrel-macos-arm64, r-oldrel-macos-x86_64, r-oldrel-windows-x86_64