CRAN Package Check Results for Package USA.state.boundaries

Last updated on 2024-07-12 04:56:12 CEST.

Flavor Version Tinstall Tcheck Ttotal Status Flags
r-devel-linux-x86_64-debian-clang 1.0.1 8.71 22.13 30.84 NOTE
r-devel-linux-x86_64-debian-gcc 1.0.1 7.45 18.05 25.50 NOTE
r-devel-linux-x86_64-fedora-clang 1.0.1 43.39 NOTE
r-devel-linux-x86_64-fedora-gcc 1.0.1 41.92 NOTE
r-devel-windows-x86_64 1.0.1 10.00 41.00 51.00 NOTE
r-patched-linux-x86_64 1.0.1 8.56 21.53 30.09 NOTE
r-release-linux-x86_64 1.0.1 8.69 21.94 30.63 NOTE
r-release-macos-arm64 1.0.1 21.00 NOTE
r-release-macos-x86_64 1.0.1 28.00 NOTE
r-release-windows-x86_64 1.0.1 11.00 41.00 52.00 NOTE
r-oldrel-macos-arm64 1.0.1 23.00 NOTE
r-oldrel-macos-x86_64 1.0.1 30.00 NOTE
r-oldrel-windows-x86_64 1.0.1 9.00 43.00 52.00 NOTE

Check Details

Version: 1.0.1
Check: package dependencies
Result: NOTE Package suggested but not available for checking: ‘USA.state.boundaries.data’ Flavors: r-devel-linux-x86_64-debian-clang, r-devel-linux-x86_64-debian-gcc, r-devel-linux-x86_64-fedora-clang, r-devel-linux-x86_64-fedora-gcc, r-devel-windows-x86_64, r-patched-linux-x86_64, r-release-linux-x86_64, r-release-macos-arm64, r-release-macos-x86_64, r-release-windows-x86_64, r-oldrel-macos-arm64, r-oldrel-macos-x86_64, r-oldrel-windows-x86_64

Version: 1.0.1
Check: installed package size
Result: NOTE installed size is 6.2Mb sub-directories of 1Mb or more: data 6.1Mb Flavors: r-devel-linux-x86_64-fedora-clang, r-devel-windows-x86_64, r-release-macos-arm64, r-release-macos-x86_64, r-release-windows-x86_64, r-oldrel-macos-arm64, r-oldrel-macos-x86_64, r-oldrel-windows-x86_64