CRAN Package Check Results for Package UCSCXenaTools

Last updated on 2024-07-25 04:50:07 CEST.

Flavor Version Tinstall Tcheck Ttotal Status Flags
r-devel-linux-x86_64-debian-clang 1.4.8 8.01 72.77 80.78 OK
r-devel-linux-x86_64-debian-gcc 1.4.8 6.40 54.67 61.07 OK
r-devel-linux-x86_64-fedora-clang 1.4.8 109.52 NOTE
r-devel-linux-x86_64-fedora-gcc 1.4.8 107.32 NOTE
r-devel-windows-x86_64 1.4.8 9.00 85.00 94.00 OK
r-patched-linux-x86_64 1.4.8 7.25 68.40 75.65 OK
r-release-linux-x86_64 1.4.8 5.34 67.43 72.77 OK
r-release-macos-arm64 1.4.8 52.00 OK
r-release-macos-x86_64 1.4.8 81.00 OK
r-release-windows-x86_64 1.4.8 9.00 83.00 92.00 OK
r-oldrel-macos-arm64 1.4.8 68.00 OK
r-oldrel-macos-x86_64 1.4.8 90.00 OK
r-oldrel-windows-x86_64 1.4.8 11.00 95.00 106.00 OK

Check Details

Version: 1.4.8
Check: data for non-ASCII characters
Result: NOTE Note: found 2 marked UTF-8 strings Flavors: r-devel-linux-x86_64-fedora-clang, r-devel-linux-x86_64-fedora-gcc