CRAN Package Check Results for Package TSS.RESTREND

Last updated on 2024-06-19 17:54:42 CEST.

Flavor Version Tinstall Tcheck Ttotal Status Flags
r-devel-linux-x86_64-debian-clang 0.3.1 10.00 87.06 97.06 OK
r-devel-linux-x86_64-debian-gcc 0.3.1 9.84 64.55 74.39 OK
r-devel-linux-x86_64-fedora-clang 0.3.1 125.69 NOTE
r-devel-linux-x86_64-fedora-gcc 0.3.1 116.38 OK
r-devel-windows-x86_64 0.3.1 12.00 81.00 93.00 OK
r-patched-linux-x86_64 0.3.1 7.36 82.83 90.19 OK
r-release-linux-x86_64 0.3.1 7.67 83.89 91.56 OK
r-release-macos-arm64 0.3.1 46.00 OK
r-release-macos-x86_64 0.3.1 62.00 OK
r-release-windows-x86_64 0.3.1 11.00 207.00 218.00 OK
r-oldrel-macos-arm64 0.3.1 38.00 OK
r-oldrel-macos-x86_64 0.3.1 58.00 OK
r-oldrel-windows-x86_64 0.3.1 13.00 96.00 109.00 OK

Check Details

Version: 0.3.1
Check: Rd cross-references
Result: NOTE Undeclared package ‘gimms’ in Rd xrefs Flavor: r-devel-linux-x86_64-fedora-clang