Last updated on 2025-01-19 04:49:09 CET.
Flavor | Version | Tinstall | Tcheck | Ttotal | Status | Flags |
---|---|---|---|---|---|---|
r-devel-linux-x86_64-debian-clang | 0.1.2 | 78.60 | 120.55 | 199.15 | OK | |
r-devel-linux-x86_64-debian-gcc | 0.1.2 | 60.40 | 86.51 | 146.91 | OK | |
r-devel-linux-x86_64-fedora-clang | 0.1.2 | 349.55 | OK | |||
r-devel-linux-x86_64-fedora-gcc | 0.1.2 | 378.78 | OK | |||
r-devel-windows-x86_64 | 0.1.2 | 80.00 | 141.00 | 221.00 | OK | |
r-patched-linux-x86_64 | 0.1.2 | 83.86 | 112.20 | 196.06 | OK | |
r-release-linux-x86_64 | 0.1.2 | 81.47 | 113.87 | 195.34 | OK | |
r-release-macos-arm64 | 0.1.2 | 79.00 | NOTE | |||
r-release-macos-x86_64 | 0.1.2 | 117.00 | NOTE | |||
r-release-windows-x86_64 | 0.1.2 | 81.00 | 139.00 | 220.00 | NOTE | |
r-oldrel-macos-arm64 | 0.1.2 | 97.00 | NOTE | |||
r-oldrel-macos-x86_64 | 0.1.2 | 182.00 | NOTE | |||
r-oldrel-windows-x86_64 | 0.1.2 | 91.00 | 177.00 | 268.00 | NOTE |
Version: 0.1.2
Check: installed package size
Result: NOTE
installed size is 9.1Mb
sub-directories of 1Mb or more:
data 4.3Mb
libs 4.5Mb
Flavors: r-release-macos-arm64, r-release-macos-x86_64, r-release-windows-x86_64, r-oldrel-macos-arm64, r-oldrel-macos-x86_64, r-oldrel-windows-x86_64