CRAN Package Check Results for Package Statsomat

Last updated on 2024-06-13 04:52:42 CEST.

Flavor Version Tinstall Tcheck Ttotal Status Flags
r-devel-linux-x86_64-debian-clang 1.1.0 4.07 22.09 26.16 NOTE
r-devel-linux-x86_64-debian-gcc 1.1.0 0.87 1.61 2.48 ERROR
r-devel-linux-x86_64-fedora-clang 1.1.0 33.89 NOTE
r-devel-linux-x86_64-fedora-gcc 1.1.0 31.34 NOTE
r-devel-windows-x86_64 1.1.0 6.00 40.00 46.00 NOTE
r-patched-linux-x86_64 1.1.0 3.70 21.95 25.65 NOTE
r-release-linux-x86_64 1.1.0 4.79 21.55 26.34 NOTE
r-release-macos-arm64 1.1.0 14.00 NOTE
r-release-macos-x86_64 1.1.0 21.00 NOTE
r-release-windows-x86_64 1.1.0 7.00 41.00 48.00 NOTE
r-oldrel-macos-arm64 1.1.0 17.00 NOTE
r-oldrel-macos-x86_64 1.1.0 20.00 NOTE
r-oldrel-windows-x86_64 1.1.0 6.00 44.00 50.00 NOTE

Check Details

Version: 1.1.0
Check: package dependencies
Result: NOTE Package suggested but not available for checking: ‘imputeMissings’ Flavors: r-devel-linux-x86_64-debian-clang, r-devel-linux-x86_64-fedora-clang, r-devel-linux-x86_64-fedora-gcc, r-patched-linux-x86_64, r-release-linux-x86_64, r-release-macos-arm64, r-release-macos-x86_64

Version: 1.1.0
Check: package dependencies
Result: ERROR Packages required but not available: 'readr', 'kableExtra', 'car', 'ggplot2', 'reshape2' Packages suggested but not available for checking: 'DescTools', 'Hmisc', 'fastDummies', 'semPlot', 'FactoMineR', 'FactoInvestigate', 'factoextra', 'imputeMissings', 'onewaytests' See section ‘The DESCRIPTION file’ in the ‘Writing R Extensions’ manual. Flavor: r-devel-linux-x86_64-debian-gcc

Version: 1.1.0
Check: installed package size
Result: NOTE installed size is 6.3Mb sub-directories of 1Mb or more: shiny-apps 6.2Mb Flavors: r-devel-linux-x86_64-fedora-clang, r-devel-windows-x86_64, r-release-macos-arm64, r-release-macos-x86_64, r-release-windows-x86_64, r-oldrel-macos-arm64, r-oldrel-macos-x86_64, r-oldrel-windows-x86_64

Version: 1.1.0
Check: dependencies in R code
Result: NOTE Namespaces in Imports field not imported from: ‘DDoutlier’ ‘car’ ‘corrplot’ ‘data.table’ ‘energy’ ‘ggplot2’ ‘gridExtra’ ‘kableExtra’ ‘knitr’ ‘readr’ ‘reshape2’ ‘rmarkdown’ ‘shinydisconnect’ All declared Imports should be used. Flavors: r-devel-linux-x86_64-fedora-clang, r-devel-linux-x86_64-fedora-gcc

Version: 1.1.0
Check: package dependencies
Result: NOTE Packages suggested but not available for checking: 'semPlot', 'FactoMineR', 'FactoInvestigate', 'factoextra' Flavor: r-oldrel-macos-x86_64