CRAN Package Check Results for Package SpatialRDD

Last updated on 2024-07-17 16:52:30 CEST.

Flavor Version Tinstall Tcheck Ttotal Status Flags
r-devel-linux-x86_64-debian-clang 0.1.0 4.73 56.23 60.96 OK
r-devel-linux-x86_64-debian-gcc 0.1.0 3.28 42.55 45.83 OK
r-devel-linux-x86_64-fedora-clang 0.1.0 79.02 NOTE
r-devel-linux-x86_64-fedora-gcc 0.1.0 295.35 NOTE
r-devel-windows-x86_64 0.1.0 5.00 71.00 76.00 OK
r-patched-linux-x86_64 0.1.0 2.90 53.98 56.88 OK
r-release-linux-x86_64 0.1.0 2.80 52.50 55.30 OK
r-release-macos-arm64 0.1.0 65.00 OK
r-release-macos-x86_64 0.1.0 120.00 OK
r-release-windows-x86_64 0.1.0 5.00 70.00 75.00 OK
r-oldrel-macos-arm64 0.1.0 75.00 OK
r-oldrel-macos-x86_64 0.1.0 191.00 OK
r-oldrel-windows-x86_64 0.1.0 6.00 78.00 84.00 OK

Check Details

Version: 0.1.0
Check: data for non-ASCII characters
Result: NOTE Note: found 3 marked UTF-8 strings Flavors: r-devel-linux-x86_64-fedora-clang, r-devel-linux-x86_64-fedora-gcc