CRAN Package Check Results for Package SSP

Last updated on 2024-07-14 16:52:45 CEST.

Flavor Version Tinstall Tcheck Ttotal Status Flags
r-devel-linux-x86_64-debian-clang 1.0.1 10.22 137.27 147.49 OK
r-devel-linux-x86_64-debian-gcc 1.0.1 9.15 102.25 111.40 OK
r-devel-linux-x86_64-fedora-clang 1.0.1 181.94 OK
r-devel-linux-x86_64-fedora-gcc 1.0.1 208.79 OK
r-devel-windows-x86_64 1.0.1 12.00 117.00 129.00 NOTE
r-patched-linux-x86_64 1.0.1 20.56 135.63 156.19 OK
r-release-linux-x86_64 1.0.1 10.29 131.06 141.35 OK
r-release-macos-arm64 1.0.1 59.00 OK
r-release-macos-x86_64 1.0.1 86.00 OK
r-release-windows-x86_64 1.0.1 11.00 115.00 126.00 OK
r-oldrel-macos-arm64 1.0.1 60.00 OK
r-oldrel-macos-x86_64 1.0.1 94.00 OK
r-oldrel-windows-x86_64 1.0.1 16.00 145.00 161.00 OK

Check Details

Version: 1.0.1
Check: Rd cross-references
Result: NOTE Found the following Rd file(s) with Rd \link{} targets missing package anchors: plot_ssp.Rd: ggplot2 Please provide package anchors for all Rd \link{} targets not in the package itself and the base packages. Flavor: r-devel-windows-x86_64