CRAN Package Check Results for Package Rfast

Last updated on 2024-07-13 16:48:25 CEST.

Flavor Version Tinstall Tcheck Ttotal Status Flags
r-devel-linux-x86_64-debian-clang 2.1.0 1520.00 133.10 1653.10 NOTE
r-devel-linux-x86_64-debian-gcc 2.1.0 1059.33 96.22 1155.55 NOTE
r-devel-linux-x86_64-fedora-clang 2.1.0 2552.98 NOTE
r-devel-linux-x86_64-fedora-gcc 2.1.0 2672.74 NOTE
r-devel-windows-x86_64 2.1.0 1211.00 220.00 1431.00 NOTE
r-patched-linux-x86_64 2.1.0 1246.34 124.88 1371.22 OK
r-release-linux-x86_64 2.1.0 1242.89 123.15 1366.04 OK
r-release-macos-arm64 2.1.0 356.00 NOTE
r-release-macos-x86_64 2.1.0 282.00 NOTE
r-release-windows-x86_64 2.1.0 1229.00 200.00 1429.00 NOTE
r-oldrel-macos-arm64 2.1.0 378.00 NOTE
r-oldrel-macos-x86_64 2.1.0 320.00 NOTE
r-oldrel-windows-x86_64 2.1.0 1462.00 247.00 1709.00 NOTE

Check Details

Version: 2.1.0
Check: compiled code
Result: NOTE File ‘Rfast/libs/Rfast.so’: Found non-API call to R: ‘HASHTAB’ Compiled code should not call non-API entry points in R. See ‘Writing portable packages’ in the ‘Writing R Extensions’ manual, and section ‘Moving into C API compliance’ for issues with the use of non-API entry points. Flavors: r-devel-linux-x86_64-debian-clang, r-devel-linux-x86_64-debian-gcc, r-devel-linux-x86_64-fedora-clang, r-devel-linux-x86_64-fedora-gcc

Version: 2.1.0
Check: installed package size
Result: NOTE installed size is 5.7Mb sub-directories of 1Mb or more: libs 4.2Mb Flavors: r-devel-linux-x86_64-fedora-clang, r-devel-windows-x86_64, r-release-macos-arm64, r-release-macos-x86_64, r-release-windows-x86_64, r-oldrel-macos-arm64, r-oldrel-macos-x86_64, r-oldrel-windows-x86_64

Version: 2.1.0
Check: Rd cross-references
Result: NOTE Found the following Rd file(s) with Rd \link{} targets missing package anchors: gchi2Test.Rd: loglm Please provide package anchors for all Rd \link{} targets not in the package itself and the base packages. Flavor: r-devel-windows-x86_64

Version: 2.1.0
Check: compiled code
Result: NOTE File 'Rfast/libs/x64/Rfast.dll': Found non-API call to R: 'HASHTAB' Compiled code should not call non-API entry points in R. See 'Writing portable packages' in the 'Writing R Extensions' manual, and section 'Moving into C API compliance' for issues with the use of non-API entry points. Flavor: r-devel-windows-x86_64