CRAN Package Check Results for Package Revticulate

Last updated on 2024-07-19 04:56:47 CEST.

Flavor Version Tinstall Tcheck Ttotal Status Flags
r-devel-linux-x86_64-debian-clang 1.0.0 5.51 38.21 43.72 NOTE
r-devel-linux-x86_64-debian-gcc 1.0.0 3.45 28.90 32.35 NOTE
r-devel-linux-x86_64-fedora-clang 1.0.0 55.82 NOTE
r-devel-linux-x86_64-fedora-gcc 1.0.0 54.19 NOTE
r-devel-windows-x86_64 1.0.0 6.00 51.00 57.00 NOTE
r-patched-linux-x86_64 1.0.0 5.21 36.34 41.55 NOTE
r-release-linux-x86_64 1.0.0 4.63 37.03 41.66 NOTE
r-release-macos-arm64 1.0.0 17.00 NOTE
r-release-macos-x86_64 1.0.0 27.00 NOTE
r-release-windows-x86_64 1.0.0 5.00 51.00 56.00 NOTE
r-oldrel-macos-arm64 1.0.0 20.00 NOTE
r-oldrel-macos-x86_64 1.0.0 29.00 OK
r-oldrel-windows-x86_64 1.0.0 6.00 57.00 63.00 OK

Check Details

Version: 1.0.0
Check: Rd files
Result: NOTE checkRd: (-1) saveRev.Rd:12: Lost braces; missing escapes or markup? 12 | \item{use_wd}{logical - If TRUE, the history will be prepended by setwd({'users current working directory'}). This function will set the script's working directory to | ^ Flavors: r-devel-linux-x86_64-debian-clang, r-devel-linux-x86_64-debian-gcc, r-devel-linux-x86_64-fedora-clang, r-devel-linux-x86_64-fedora-gcc, r-devel-windows-x86_64, r-patched-linux-x86_64, r-release-linux-x86_64, r-release-macos-arm64, r-release-macos-x86_64, r-release-windows-x86_64

Version: 1.0.0
Check: package dependencies
Result: NOTE Package suggested but not available for checking: ‘RevGadgets’ Flavor: r-oldrel-macos-arm64