CRAN Package Check Results for Package RegKink

Last updated on 2024-06-13 04:52:37 CEST.

Flavor Version Tinstall Tcheck Ttotal Status Flags
r-devel-linux-x86_64-debian-clang 0.1.0 1.90 22.15 24.05 OK
r-devel-linux-x86_64-debian-gcc 0.1.0 1.66 17.22 18.88 OK
r-devel-linux-x86_64-fedora-clang 0.1.0 30.26 NOTE
r-devel-linux-x86_64-fedora-gcc 0.1.0 28.41 NOTE
r-devel-windows-x86_64 0.1.0 2.00 39.00 41.00 OK
r-patched-linux-x86_64 0.1.0 2.02 21.25 23.27 OK
r-release-linux-x86_64 0.1.0 2.04 21.74 23.78 OK
r-release-macos-arm64 0.1.0 12.00 OK
r-release-macos-x86_64 0.1.0 18.00 OK
r-release-windows-x86_64 0.1.0 3.00 37.00 40.00 OK
r-oldrel-macos-arm64 0.1.0 13.00 OK
r-oldrel-macos-x86_64 0.1.0 18.00 OK
r-oldrel-windows-x86_64 0.1.0 3.00 39.00 42.00 OK

Check Details

Version: 0.1.0
Check: dependencies in R code
Result: NOTE Namespace in Imports field not imported from: ‘MASS’ All declared Imports should be used. Flavors: r-devel-linux-x86_64-fedora-clang, r-devel-linux-x86_64-fedora-gcc