CRAN Package Check Results for Package RRPP

Last updated on 2024-07-14 16:52:43 CEST.

Flavor Version Tinstall Tcheck Ttotal Status Flags
r-devel-linux-x86_64-debian-clang 2.0.3 17.52 309.14 326.66 OK
r-devel-linux-x86_64-debian-gcc 2.0.3 16.62 222.11 238.73 OK
r-devel-linux-x86_64-fedora-clang 2.0.3 409.03 OK
r-devel-linux-x86_64-fedora-gcc 2.0.3 422.12 OK
r-devel-windows-x86_64 2.0.3 20.00 266.00 286.00 OK
r-patched-linux-x86_64 2.0.3 20.26 293.88 314.14 OK
r-release-linux-x86_64 2.0.3 19.72 296.13 315.85 OK
r-release-macos-arm64 2.0.3 119.00 OK
r-release-macos-x86_64 2.0.3 338.00 OK
r-release-windows-x86_64 2.0.3 19.00 236.00 255.00 OK
r-oldrel-macos-arm64 2.0.2 156.00 ERROR
r-oldrel-macos-x86_64 2.0.2 282.00 ERROR
r-oldrel-windows-x86_64 2.0.2 25.00 263.00 288.00 OK

Check Details

Version: 2.0.2
Check: running R code from vignettes
Result: ERROR Errors in running code in vignettes: when running code in ‘Using.RRPP.Rmd’ ... > fit.par <- lm(fit$call$f1, data = fit$LM$data) > all.equal(fit$LM$coefficients, fit.par$coefficients) [1] TRUE > summary(manova(fit.par)) When sourcing ‘Using.RRPP.R’: Error: residuals have rank 49 < 112 Execution halted ‘ANOVA.vs.MANOVA.Rmd’ using ‘UTF-8’... [18s/28s] OK ‘Using.RRPP.Rmd’ using ‘UTF-8’... failed Flavor: r-oldrel-macos-arm64

Version: 2.0.2
Check: running R code from vignettes
Result: ERROR Errors in running code in vignettes: when running code in ‘Using.RRPP.Rmd’ ... > fit.par <- lm(fit$call$f1, data = fit$LM$data) > all.equal(fit$LM$coefficients, fit.par$coefficients) [1] TRUE > summary(manova(fit.par)) When sourcing ‘Using.RRPP.R’: Error: residuals have rank 49 < 112 Execution halted ‘ANOVA.vs.MANOVA.Rmd’ using ‘UTF-8’... [28s/42s] OK ‘Using.RRPP.Rmd’ using ‘UTF-8’... failed Flavor: r-oldrel-macos-x86_64