CRAN Package Check Results for Package RPresto

Last updated on 2024-07-23 16:49:15 CEST.

Flavor Version Tinstall Tcheck Ttotal Status Flags
r-devel-linux-x86_64-debian-clang 1.4.6 11.06 112.90 123.96 OK
r-devel-linux-x86_64-debian-gcc 1.4.6 9.35 83.18 92.53 NOTE
r-devel-linux-x86_64-fedora-clang 1.4.6 161.22 OK
r-devel-linux-x86_64-fedora-gcc 1.4.6 220.04 OK
r-devel-windows-x86_64 1.4.6 13.00 142.00 155.00 NOTE
r-patched-linux-x86_64 1.4.6 15.98 104.49 120.47 OK
r-release-linux-x86_64 1.4.6 6.92 105.13 112.05 OK
r-release-macos-arm64 1.4.6 84.00 OK
r-release-macos-x86_64 1.4.6 133.00 OK
r-release-windows-x86_64 1.4.6 11.00 139.00 150.00 OK
r-oldrel-macos-arm64 1.4.6 102.00 OK
r-oldrel-macos-x86_64 1.4.6 132.00 OK
r-oldrel-windows-x86_64 1.4.6 15.00 154.00 169.00 OK

Check Details

Version: 1.4.6
Check: Rd cross-references
Result: NOTE Found the following Rd file(s) with Rd \link{} targets missing package anchors: Presto.Rd: dbConnect, dbDisconnect PrestoConnection-class.Rd: DBIConnection-class dbCreateTableAs.Rd: DBIConnection-class dbplyr-sql.Rd: dbQuoteIdentifier, Id, SQL presto_has_default.Rd: dbConnect sqlCreateTableAs.Rd: dbQuoteIdentifier, Id, SQL Please provide package anchors for all Rd \link{} targets not in the package itself and the base packages. Flavors: r-devel-linux-x86_64-debian-gcc, r-devel-windows-x86_64