CRAN Package Check Results for Package ROpenDota

Last updated on 2024-07-21 16:52:21 CEST.

Flavor Version Tinstall Tcheck Ttotal Status Flags
r-devel-linux-x86_64-debian-clang 0.1.2 3.24 31.03 34.27 NOTE
r-devel-linux-x86_64-debian-gcc 0.1.2 2.41 23.74 26.15 NOTE
r-devel-linux-x86_64-fedora-clang 0.1.2 42.77 NOTE
r-devel-linux-x86_64-fedora-gcc 0.1.2 40.77 NOTE
r-devel-windows-x86_64 0.1.2 4.00 47.00 51.00 NOTE
r-patched-linux-x86_64 0.1.2 2.46 29.76 32.22 NOTE
r-release-linux-x86_64 0.1.2 3.42 29.13 32.55 NOTE
r-release-macos-arm64 0.1.2 17.00 NOTE
r-release-macos-x86_64 0.1.2 25.00 NOTE
r-release-windows-x86_64 0.1.2 6.00 46.00 52.00 NOTE
r-oldrel-macos-arm64 0.1.2 23.00 NOTE
r-oldrel-macos-x86_64 0.1.2 23.00 NOTE
r-oldrel-windows-x86_64 0.1.2 4.00 51.00 55.00 NOTE

Check Details

Version: 0.1.2
Check: LazyData
Result: NOTE 'LazyData' is specified without a 'data' directory Flavors: r-devel-linux-x86_64-debian-clang, r-devel-linux-x86_64-debian-gcc, r-devel-linux-x86_64-fedora-clang, r-devel-linux-x86_64-fedora-gcc, r-devel-windows-x86_64, r-patched-linux-x86_64, r-release-linux-x86_64, r-release-macos-arm64, r-release-macos-x86_64, r-release-windows-x86_64, r-oldrel-macos-arm64, r-oldrel-macos-x86_64, r-oldrel-windows-x86_64