CRAN Package Check Results for Package RGoogleFit

Last updated on 2024-07-21 16:52:21 CEST.

Flavor Version Tinstall Tcheck Ttotal Status Flags
r-devel-linux-x86_64-debian-clang 0.4.0 3.34 31.85 35.19 NOTE
r-devel-linux-x86_64-debian-gcc 0.4.0 2.67 24.80 27.47 NOTE
r-devel-linux-x86_64-fedora-clang 0.4.0 43.81 NOTE
r-devel-linux-x86_64-fedora-gcc 0.4.0 41.51 NOTE
r-devel-windows-x86_64 0.4.0 5.00 45.00 50.00 NOTE
r-patched-linux-x86_64 0.4.0 3.08 31.33 34.41 NOTE
r-release-linux-x86_64 0.4.0 2.72 31.25 33.97 NOTE
r-release-macos-arm64 0.4.0 18.00 NOTE
r-release-macos-x86_64 0.4.0 26.00 NOTE
r-release-windows-x86_64 0.4.0 4.00 44.00 48.00 NOTE
r-oldrel-macos-arm64 0.4.0 18.00 NOTE
r-oldrel-macos-x86_64 0.4.0 25.00 NOTE
r-oldrel-windows-x86_64 0.4.0 5.00 52.00 57.00 NOTE

Check Details

Version: 0.4.0
Check: LazyData
Result: NOTE 'LazyData' is specified without a 'data' directory Flavors: r-devel-linux-x86_64-debian-clang, r-devel-linux-x86_64-debian-gcc, r-devel-linux-x86_64-fedora-clang, r-devel-linux-x86_64-fedora-gcc, r-devel-windows-x86_64, r-patched-linux-x86_64, r-release-linux-x86_64, r-release-macos-arm64, r-release-macos-x86_64, r-release-windows-x86_64, r-oldrel-macos-arm64, r-oldrel-macos-x86_64, r-oldrel-windows-x86_64