CRAN Package Check Results for Package RBPcurve

Last updated on 2025-01-19 04:49:04 CET.

Flavor Version Tinstall Tcheck Ttotal Status Flags
r-devel-linux-x86_64-debian-clang 1.2 9.27 78.69 87.96 NOTE
r-devel-linux-x86_64-debian-gcc 1.2 6.86 57.21 64.07 NOTE
r-devel-linux-x86_64-fedora-clang 1.2 137.31 OK
r-devel-linux-x86_64-fedora-gcc 1.2 136.70 OK
r-devel-windows-x86_64 1.2 10.00 83.00 93.00 NOTE
r-patched-linux-x86_64 1.2 13.70 72.56 86.26 OK
r-release-linux-x86_64 1.2 6.94 72.46 79.40 OK
r-release-macos-arm64 1.2 41.00 OK
r-release-macos-x86_64 1.2 79.00 OK
r-release-windows-x86_64 1.2 12.00 89.00 101.00 OK
r-oldrel-macos-arm64 1.2 45.00 OK
r-oldrel-macos-x86_64 1.2 71.00 OK
r-oldrel-windows-x86_64 1.2 12.00 104.00 116.00 OK

Check Details

Version: 1.2
Check: Rd cross-references
Result: NOTE Found the following Rd file(s) with Rd \link{} targets missing package anchors: addWellCalib.Rd: subplot Please provide package anchors for all Rd \link{} targets not in the package itself and the base packages. Flavors: r-devel-linux-x86_64-debian-clang, r-devel-linux-x86_64-debian-gcc, r-devel-windows-x86_64